{"id":80,"date":"2018-12-29T14:43:43","date_gmt":"2018-12-29T13:43:43","guid":{"rendered":"http:\/\/www.tanamako.fr\/annonces\/?page_id=80"},"modified":"2020-02-07T15:10:51","modified_gmt":"2020-02-07T14:10:51","slug":"ballade-a-madagascar-en-photos","status":"publish","type":"page","link":"https:\/\/www.tanamako.fr\/annonces\/rencontre\/ballade-a-madagascar-en-photos\/","title":{"rendered":"Ballade \u00e0 Madagascar en Photos"},"content":{"rendered":"\n<p>\n\nDe Tana \u00e0 Tamatave en 2007, 1\n\n<\/p>\n\n\n\n<figure class=\"wp-block-image is-resized\"><img loading=\"lazy\" decoding=\"async\" src=\"http:\/\/www.tanamako.fr\/annonces\/wp-content\/uploads\/2018\/12\/De-Tana-a-Tamatave-3-1024x768.jpg\" alt=\"De Tana \u00e0 Tamatave en 2007, 1\" class=\"wp-image-81\" width=\"900\" height=\"540\"\/><\/figure>\n\n\n\n<p>\n\nDe Tana \u00e0 Tamatave en 2007, 2\n\n<\/p>\n\n\n\n<figure class=\"wp-block-image is-resized\"><img loading=\"lazy\" decoding=\"async\" src=\"http:\/\/www.tanamako.fr\/annonces\/wp-content\/uploads\/2018\/12\/De-Tana-a-Tamatave-6-1024x768.jpg\" alt=\"De Tana \u00e0 Tamatave en 2007, 2\" class=\"wp-image-82\" width=\"900\" height=\"593\"\/><\/figure>\n\n\n\n<p>\n\nDe Tana \u00e0 Tamatave en 2007, 3\n\n<\/p>\n\n\n\n<figure class=\"wp-block-image is-resized\"><img loading=\"lazy\" decoding=\"async\" src=\"http:\/\/www.tanamako.fr\/annonces\/wp-content\/uploads\/2018\/12\/De-Tana-a-Tamatave-18-1024x768.jpg\" alt=\"De Tana \u00e0 Tamatave en 2007, 3 \" class=\"wp-image-83\" width=\"900\" height=\"596\"\/><\/figure>\n\n\n\n<p>\n\nTamatave, vue de la place de la Colonne juste \u00e0 c\u00f4t\u00e9 de l&rsquo;h\u00f4tel Toamasina en 2007, 1\n\n<\/p>\n\n\n\n<figure class=\"wp-block-image is-resized\"><img loading=\"lazy\" decoding=\"async\" src=\"http:\/\/www.tanamako.fr\/annonces\/wp-content\/uploads\/2018\/12\/P9030080-1024x768.jpg\" alt=\"Tamatave, vue de la place de la Colonne juste \u00e0 c\u00f4t\u00e9 de l'h\u00f4tel Toamasina en 2007, 1 \" class=\"wp-image-84\" width=\"900\" height=\"665\"\/><\/figure>\n\n\n\n<h2 class=\"wp-block-heading\"> <br>Tana (Antananarivo) pr\u00e9s de Behoririka, en 2007 <\/h2>\n\n\n\n<figure class=\"wp-block-image is-resized\"><img loading=\"lazy\" decoding=\"async\" src=\"http:\/\/www.tanamako.fr\/annonces\/wp-content\/uploads\/2018\/12\/Tana-pres-de-Behoririka-1-1024x768.jpg\" alt=\"Tana (Antananarivo) pr\u00e9s de Behoririka, en 2007 \" width=\"900\" height=\"669\"\/><\/figure>\n\n\n\n<h2 class=\"wp-block-heading\"> <br>De Tana \u00e0 Ivato (a\u00e9roport) en 2007 : crevaison en taxi, normal. <\/h2>\n\n\n\n<figure class=\"wp-block-image is-resized\"><img loading=\"lazy\" decoding=\"async\" src=\"http:\/\/www.tanamako.fr\/annonces\/wp-content\/uploads\/2018\/12\/De-Tana-a-Ivato-2-1024x768.jpg\" alt=\"De Tana \u00e0 Ivato (a\u00e9roport) en 2007 : crevaison en taxi, normal. \" class=\"wp-image-86\" width=\"900\" height=\"665\"\/><\/figure>\n\n\n\n<h2 class=\"wp-block-heading\"> <br><em>Le Pont de Brickaville, en 2003<\/em> <\/h2>\n\n\n\n<figure class=\"wp-block-image is-resized\"><img loading=\"lazy\" decoding=\"async\" src=\"http:\/\/www.tanamako.fr\/annonces\/wp-content\/uploads\/2018\/12\/vlcsnap-2012-12-27-19h43m01s197.png\" alt=\"Le Pont de Brickaville, en 2003\" class=\"wp-image-87\" width=\"900\" height=\"650\"\/><figcaption><br><\/figcaption><\/figure>\n\n\n\n<p>Passage \u00e0 Mahanoro, 2003<\/p>\n\n\n\n<figure class=\"wp-block-image is-resized\"><img loading=\"lazy\" decoding=\"async\" src=\"http:\/\/www.tanamako.fr\/annonces\/wp-content\/uploads\/2018\/12\/vlcsnap-2012-12-27-21h21m15s4.png\" alt=\"\" class=\"wp-image-89\" width=\"900\" height=\"582\"\/><\/figure>\n\n\n\n<p>Dimanche de pluie, Tamatave Bd Augagneur, en 2006<\/p>\n\n\n\n<figure class=\"wp-block-image is-resized\"><img loading=\"lazy\" decoding=\"async\" src=\"http:\/\/www.tanamako.fr\/annonces\/wp-content\/uploads\/2018\/12\/Tamatavesousleau17032007-1024x768.jpg\" alt=\"Dimanche de pluie, Tamatave Bd Augagneur, en 2006\" class=\"wp-image-90\" width=\"900\" height=\"585\"\/><figcaption>PHOT0006.JPG<\/figcaption><\/figure>\n\n\n\n<p>D&rsquo;autres photos sont pr\u00e9vues pour imager le site et peut-\u00eatre quelques vid\u00e9os sur une autre page.<\/p>\n\n\n\n<p>Rencontres Tanamako<\/p>\n\n\n\n<p>Site de rencontre Madagascar gratuit<\/p>\n\n\n\n<p>Tanamako.fr Les Rencontres Exotiques mais pas seulement<\/p>\n","protected":false},"excerpt":{"rendered":"<p>De Tana \u00e0 Tamatave en 2007, 1 De Tana \u00e0 Tamatave en 2007, 2 De Tana \u00e0 Tamatave en 2007, 3 Tamatave, vue de la place de la Colonne juste \u00e0 c\u00f4t\u00e9 de l&rsquo;h\u00f4tel Toamasina en 2007, 1 Tana (Antananarivo) pr\u00e9s de Behoririka, en 2007 De Tana \u00e0 Ivato (a\u00e9roport) en 2007 : crevaison en &hellip; <\/p>\n<p class=\"link-more\"><a href=\"https:\/\/www.tanamako.fr\/annonces\/rencontre\/ballade-a-madagascar-en-photos\/\" class=\"more-link\">Continuer la lecture<span class=\"screen-reader-text\"> de &laquo;&nbsp;Ballade \u00e0 Madagascar en Photos&nbsp;&raquo;<\/span><\/a><\/p>\n","protected":false},"author":1,"featured_media":0,"parent":0,"menu_order":0,"comment_status":"closed","ping_status":"closed","template":"","meta":{"footnotes":""},"class_list":["post-80","page","type-page","status-publish","hentry"],"_links":{"self":[{"href":"https:\/\/www.tanamako.fr\/annonces\/rencontre\/wp-json\/wp\/v2\/pages\/80","targetHints":{"allow":["GET"]}}],"collection":[{"href":"https:\/\/www.tanamako.fr\/annonces\/rencontre\/wp-json\/wp\/v2\/pages"}],"about":[{"href":"https:\/\/www.tanamako.fr\/annonces\/rencontre\/wp-json\/wp\/v2\/types\/page"}],"author":[{"embeddable":true,"href":"https:\/\/www.tanamako.fr\/annonces\/rencontre\/wp-json\/wp\/v2\/users\/1"}],"replies":[{"embeddable":true,"href":"https:\/\/www.tanamako.fr\/annonces\/rencontre\/wp-json\/wp\/v2\/comments?post=80"}],"version-history":[{"count":4,"href":"https:\/\/www.tanamako.fr\/annonces\/rencontre\/wp-json\/wp\/v2\/pages\/80\/revisions"}],"predecessor-version":[{"id":245,"href":"https:\/\/www.tanamako.fr\/annonces\/rencontre\/wp-json\/wp\/v2\/pages\/80\/revisions\/245"}],"wp:attachment":[{"href":"https:\/\/www.tanamako.fr\/annonces\/rencontre\/wp-json\/wp\/v2\/media?parent=80"}],"curies":[{"name":"wp","href":"https:\/\/api.w.org\/{rel}","templated":true}]}}